*u. List the prime factors of q(-7).
2, 7
Suppose -2*f + 10 + 145 = 5*z, 4*z = -5*f + 107. What are the prime factors of z?
3, 11
Let w be 14/6 + 7/(-21). Suppose -3*h + w*f = -22, -h - 8 + 22 = -2*f. List the prime factors of h.
2
List the prime factors of (-566)/(-10) - (-2 - 16/(-10)).
3, 19
Suppose -5*i + i - 8 = -4*d, -i = -4. List the prime factors of 6/9 + 20/d.
2
What are the prime factors of (-48)/9*15/(-4)?
2, 5
Let n(q) = -q**3 + 7*q**2 + 3*q + 6. Let m be n(8). Let k = -21 - m. List the prime factors of k.
13
Let f = -61 - -10. Let z = 30 + f. Let q = z + 29. List the prime factors of q.
2
Suppose 0 = 3*h + 6. Let k be (-1570)/18 - 4/(-18). List the prime factors of k/(-15) - h/10.
2, 3
Let b(c) = 4*c**2 + 6*c - 6. Let r(k) = k**2 + 2*k - 2. Let h(d) = 2*b(d) - 7*r(d). Let x be (8/6)/((-6)/(-9)). What are the prime factors of h(x)?
2
Let s(d) = 3 + 0*d**2 + d**2 + 4*d - d + 1. What are the prime factors of s(-3)?
2
Let z(g) = -g**3 - 3*g**2 - g + 1. Let j be z(-2). Let d be 15/(-3)*(j - 0). Suppose 3*l + 16 = 4*p - l, d*l = p - 4. List the prime factors of p.
2
Let u(f) = 2*f - 5. Suppose 6*m = 5*m + 5. Let v be u(m). Suppose 0 = v*o - 3*w + 1 - 36, 2*w + 30 = 5*o. List the prime factors of o.
2
Suppose 12 = 5*s - 308. What are the prime factors of s?
2
Let x(m) = 4*m**2 - 5*m + 1. Let z be x(4). Let w = z + -27. What are the prime factors of w?
2, 3
Suppose -4*t - 18 = -2*u, -t - 118 = -5*u - 28. Let k be (1*-1)/(3/27). Let i = u + k. What are the prime factors of i?
2, 5
Let p(m) = -m**3 - 18*m**2 + 17*m + 3. What are the prime factors of p(-19)?
41
Let a(v) = v**3 + 3*v**2 - 3*v - 2. What are the prime factors of a(-3)?
7
Suppose 3*m + 27 = 3*z, -m + 8 - 41 = -5*z. Suppose 4*p + z = 26. What are the prime factors of p?
5
Suppose -3*l - 5 = 2*j, 5*j - 2*l - 28 = 7. What are the prime factors of (16/(-5))/((-2)/j)?
2
Suppose 0 = -j + 4*j. Let h be j/(5/(10/(-4))). Suppose -4*m - d - 4*d + 54 = h, -m = -4*d - 3. What are the prime factors of m?
11
Suppose 20*w - 13*w = 1813. List the prime factors of w.
7, 37
Let k be 2/(1/((-3)/(-2))). Suppose -k*d = 2*d - 55. What are the prime factors of d?
11
Let j(q) = -q**3 + 4*q**2 + 7*q - 5. Let c be j(5). Suppose -c*y = 11 - 56. What are the prime factors of y?
3
Suppose 10*t + 1644 = 14*t. List the prime factors of t.
3, 137
Let j(t) = t**2 - t + 3. Let l = -7 - -10. Let h be j(l). Suppose q - h = -4*m - 0, -m = -5*q + 24. List the prime factors of q.
5
Let l = -1 - -3. Suppose i + l = 2*i. Suppose -i*h + 78 = 5*v, -v + 3 + 3 = -2*h. What are the prime factors of v?
2, 7
Let z(g) = g - 13. Let c be z(7). Let y = c + 15. Let f(k) = 2*k - 8. What are the prime factors of f(y)?
2, 5
Suppose 5*b = -5*i + 5, 0 = -5*i + 4*b + 9 + 41. What are the prime factors of i?
2, 3
Suppose -n + 0 = -1. Suppose -4 + 6 = k. What are the prime factors of -4*(n + (-3)/k)?
2
Suppose -18*l = -14*l - 304. What are the prime factors of l?
2, 19
Let l(y) = -y - 17. Let i be l(-11). Let f = i + 11. Suppose 0 = f*t - 0*t - 50. What are the prime factors of t?
2, 5
Suppose 0 = 5*s - 17 - 368. What are the prime factors of s?
7, 11
Suppose 0 = -3*b + 2*b + 40. What are the prime factors of b?
2, 5
Let a = -8 + 2. Let s = -2 - a. Let b(p) = 3*p - 4. What are the prime factors of b(s)?
2
List the prime factors of (-16160)/(-95) + 4/(-38).
2, 5, 17
Let c(l) be the first derivative of 4*l - 3/2*l**2 - 1 - 1/3*l**3. What are the prime factors of c(-3)?
2
Let o(z) = 3 + z + 0 - 2 - 5. List the prime factors of o(7).
3
Suppose -3*l + 4*l + 3*b - 131 = 0, -247 = -2*l - 3*b. What are the prime factors of l?
2, 29
Suppose x - 7 = -4*t + 3, -3*t + 5 = 2*x. Suppose 0 = t*v - 18 - 30. Suppose -k + v = k. What are the prime factors of k?
2
Let x(h) = 27*h - 5. List the prime factors of x(2).
7
Let k(r) = 0*r + 3 + 0*r + 23*r**2 - 2 + r. Let p be k(-1). Let f = p - 10. List the prime factors of f.
13
Let f be (-10)/(-1 - -3 - 4). Suppose 9 = -f*o + 74. List the prime factors of o.
13
Let s(a) = -11*a. Let m be s(-2). Let x = m - 9. Suppose 0 = -3*i + x + 23. List the prime factors of i.
2, 3
Let s be 2*2/(-4) - -7. Suppose s + 6 = 4*j. List the prime factors of j.
3
Let r = -4 + 0. Suppose 177 = -5*u + 552. List the prime factors of (-2)/r + u/6.
13
Let c(x) = 64*x**2 + 3*x - 2. Let f be c(1). Suppose 0 = -6*a + a + f. List the prime factors of a.
13
Let v = 9 + 5. List the prime factors of v.
2, 7
Let x = 17 - 12. Suppose n + x*l = 4*n - 82, -84 = -3*n + 3*l. What are the prime factors of n?
29
Suppose -2*j = 0, -3*g - 4 = -j - 1. Let p be 20/9 + (-2)/9. Let c = p - g. What are the prime factors of c?
3
Suppose -50 = -w + 4*q, -2*q - q = w - 64. List the prime factors of w.
2, 29
List the prime factors of 108/(-14)*140/(-30).
2, 3
What are the prime factors of 5/(25/7)*5?
7
Let j(a) = 1. Let h be (-2)/4*4/(-2). Let y(n) = -n + 13. Let w(s) = h*y(s) - 3*j(s). List the prime factors of w(7).
3
Suppose 4*i - 3*i + 58 = 3*f, -3*i + 4*f - 184 = 0. Let x = i + 99. List the prime factors of x.
5, 7
Let x = 1 - 1. Suppose 4*n + 4*c - 8 = c, x = 5*n + c + 1. Let d = 5 + n. What are the prime factors of d?
2
Suppose 942 = 7*f - f. List the prime factors of f.
157
Suppose 2*n - 7 = 15. What are the prime factors of n?
11
Suppose -5*y + 4*s - 2 = 0, -5*s = -4*y + 2*y - 11. Suppose t + 3 = -y*t. Let q = t - -15. What are the prime factors of q?
2, 7
Let m = -4 - 1. Let f = m + 18. List the prime factors of f.
13
Let w = -536 + 782. What are the prime factors of w?
2, 3, 41
Suppose 3*m + 2*u - 633 - 203 = 0, 3*u - 1395 = -5*m. List the prime factors of m.
2, 3, 47
Let i = 123 + 45. What are the prime factors of i?
2, 3, 7
Let s(m) = -m**3 - 2*m**2 - 3*m. Let q = 1 + 1. Let u = -4 + q. List the prime factors of s(u).
2, 3
Let b(x) be the second derivative of -x**3/6 + 39*x**2/2 + 2*x. Let d be b(0). Suppose -4*h + d = -h. What are the prime factors of h?
13
Let a be ((-1)/(-3))/((-2)/(-24)). Suppose -2*v = 2*p - 6*v - 30, -a*v - 37 = -3*p. Let s = p - 5. List the prime factors of s.
2
Let w(y) = -3*y - 3. Suppose -c - 15 = -5*n, 3*c - 8*n + 3*n = -25. List the prime factors of w(c).
2, 3
Suppose 5*f - 365 = -5*o + 485, -f = 5*o - 850. What are the prime factors of o?
2, 5, 17
Let y = 4 + -3. List the prime factors of (35/21)/(y/3).
5
Suppose c - 5*c + 24 = 0. Let g = c - 1. Suppose -5*f - j + 50 = -21, 0 = 2*f + g*j - 33. What are the prime factors of f?
2, 7
Suppose -5*p + 21 = k, -p - k + 11 = 2*p. Suppose 6*w + p = 3*w - 5*n, 1 = -4*w - n. Suppose w = g - 6 - 1. What are the prime factors of g?
7
Let w = 240 + -156. What are the prime factors of w?
2, 3, 7
Let x = 11 + -4. Let z(h) = h**2 - 8*h + 9. Let u be z(x). What are the prime factors of (4 + (-3 - 0))*u?
2
Let l(z) = 2*z + 10. Suppose -3*d + 3 = -6. List the prime factors of l(d).
2
Let q = 28 - 20. What are the prime factors of (2*-1)/((-4)/q)?
2
Let p(s) be the second derivative of 1/3*s**3 + 0 - 2*s + 0*s**2. List the prime factors of p(5).
2, 5
Suppose 2*c - 50 = 2*j, -2*c + 7 = -3*j - 67. List the prime factors of (-200)/j + (-2)/(-3).
3
Suppose 32 = 4*k - 3*g + 7*g, 3*g = k. List the prime factors of k.
2, 3
Let b be 3*(-2)/((-4)/(-6)). Let f(t) = -2*t - 12. Let m be f(b). Suppose 2*p - 2 = 0, -m = -y + 3*p + p. What are the prime factors of y?
2, 5
Let s = 25 + 1. Let v = 36 - s. List the prime factors of v.
2, 5
Let c be (-60)/(2/(-1)) + -3. List the prime factors of (4/6)/(2/c).
3
Let t(d) = 6*d**3 + 0*d**3 + d + 2 - 2*d - 1. What are the prime factors of t(1)?
2, 3
List the prime factors of ((-60)/3)/((-16)/40).
2, 5
Let b = -3 - -5. Suppose b*v + 24 = 6*v + 2*j, 4*j + 56 = 5*v. Suppose -4*x + v = 0, 10*x + 15 = 5*u + 5*x. List the prime factors of u.
5
Let f = -10 + 14. Suppose -l = f*l - 10. Suppose 4*n = l*n + 46. List the prime factors of n.
23
Suppose -3*n + b = -53 - 110, 3*b = 4*n - 214. Let f = n + -38. What are the prime factors of f?
17
Let v = -4 - -4. Suppose 2*t + 2*y - 10 = v, -3*y - 3 = -3*t - 2*y. Suppose 5*p = 2*x + 57, -t*p + 5*x + 36 - 9 = 0. List the prime factors of p.
11
Let r(q) = 3*q + 4. Let b be r(-5). Let m = b - -15. What are the prime factors of m?
2
Let i = 0 + 5. Suppose 3*u + 0*u = -4*n + 36, -20 = i*u. List the prime factors of n.
2, 3
Sup